ermine x(2).
-3
Let v(n) = n - 10. Calculate v(9).
-1
Let c(q) = -3*q**3 - 2*q**2 + 2*q + 3. Give c(-2).
15
Let f(x) = 2*x**2 + 23*x - 141. Determine f(-16).
3
Let q(x) = x + 7. Calculate q(4).
11
Let n(a) = -2*a + 12. Calculate n(6).
0
Let a(k) = k**2 - 12*k - 4. Determine a(11).
-15
Let t(y) = y**2 + 20*y - 4. Give t(-20).
-4
Let n(j) = -j**2 + 11*j - 6. What is n(11)?
-6
Let y(i) = -i**2 - 8*i + 16. Calculate y(-7).
23
Let j(x) = 2*x**3 + 19*x**2 + 2*x - 13. Determine j(-9).
50
Let k(o) = o**3 + 15*o**2 + 50*o + 14. What is k(-11)?
-52
Let x(z) = -z**2 + 9*z + 11. Determine x(12).
-25
Let m(z) = z**2 + 17*z + 83. Give m(-9).
11
Let x(h) = 3*h**2 - 2*h + 4. Determine x(4).
44
Let j(z) = 2*z + 7. Give j(-3).
1
Let d(q) = 2*q**2 + 8*q + 7. Determine d(-2).
-1
Let y(x) = x - 27. Give y(27).
0
Let f(v) = -29*v**2 + 2*v - 1. What is f(1)?
-28
Let z(o) = -o**2 + 9. Determine z(5).
-16
Let d(j) = 47*j - 12. What is d(1)?
35
Let b(f) = f + 2. Calculate b(14).
16
Let c(v) = -11*v - 3. Give c(-4).
41
Let k(g) = -5*g - 484. What is k(-98)?
6
Let f(g) = 3*g - 49. Determine f(-16).
-97
Let x(n) = -n + 14. Give x(11).
3
Let v(g) = g**3 - 14*g**2 + 13*g - 5. Determine v(13).
-5
Let g(t) = 32*t**3 + t**2 + t + 1. Calculate g(-1).
-31
Let n(z) = z**3 + 4*z**2 + 6*z + 10. What is n(-4)?
-14
Let s(p) = -33*p**2 - 94*p + 9. What is s(-3)?
-6
Let f(q) = 3*q**2 + q + 6. Calculate f(-5).
76
Let i(g) = -2*g - 12. Give i(5).
-22
Let z(u) = -u - 2. Calculate z(5).
-7
Let u(k) = -2*k**3 + 25*k**2 - 62*k - 13. What is u(9)?
-4
Let z(t) = 2*t**2 - 5*t - 7. Determine z(5).
18
Let b(t) = -t**2 + 3. Give b(7).
-46
Let c(g) = 3*g**2 - 8*g + 6. Determine c(3).
9
Let j(c) = c**3 + 9*c**2 - 26*c - 40. Calculate j(-11).
4
Let n(z) = -7*z + 40. Give n(6).
-2
Let z(p) = p**2 - 12*p + 12. What is z(9)?
-15
Let u(d) = d**3 + 7*d**2 + 6*d. Calculate u(-5).
20
Let a(g) = -g**2 - 20*g + 24. What is a(-21)?
3
Let s(w) = 7*w - 31. Give s(6).
11
Let f(p) = p**3 - 9*p**2 - 10*p + 1. What is f(10)?
1
Let b(o) = -11*o - 103. What is b(-10)?
7
Let y(n) = 3*n**3 + 20*n**2 - 12*n - 27. Calculate y(-7).
8
Let u(g) = -g**2 + 12*g - 9. What is u(12)?
-9
Let j(n) = n**3 - n**2 - n - 6. What is j(0)?
-6
Let h(x) = x**3 - 22*x**2 - 49*x + 19. What is h(24)?
-5
Let k(q) = 4*q**2 - 7*q + 18. What is k(3)?
33
Let y(a) = -60*a - 434. What is y(-7)?
-14
Let d(w) = -w**2 - 16*w + 19. What is d(-17)?
2
Let k(p) = -p**3 - 4*p**2 - p + 3. Determine k(-4).
7
Let n(p) = p**3 - 4*p**2 + 3*p - 7. Determine n(4).
5
Let u(j) = -9*j + 52. Determine u(6).
-2
Let a(o) = o**3 + 11*o**2 + 15*o + 12. What is a(-8)?
84
Let x(s) = -s**3 + 6*s**2 + 2*s + 1. What is x(7)?
-34
Let i(a) = 3*a**2 + 78*a - 15. Determine i(-26).
-15
Let x(q) = 10*q**2 - 38*q - 5. Give x(4).
3
Let v(f) = f**2 + 12*f + 23. Determine v(-5).
-12
Let i(s) = s**3 - 10*s**2 - 6*s - 4. Calculate i(11).
51
Let w(z) = -z**3 + 12*z**2 + 6*z - 32. Calculate w(13).
-123
Let z(m) = -m**2 - 4*m + 6. Determine z(-8).
-26
Let z(l) = -31*l**3 + l**2 - l - 1. Determine z(1).
-32
Let b(c) = -c - 9. What is b(4)?
-13
Let s(f) = -f**2 - 6*f + 2. What is s(-6)?
2
Let z(o) = -16*o + 22. What is z(1)?
6
Let f(w) = -w**2 - 7*w + 22. What is f(-8)?
14
Let t(y) = y**2 - 49. What is t(-7)?
0
Let j(p) = -p**3 + 12*p**2 + 26*p. What is j(14)?
-28
Let b(g) = -6*g + 32. Determine b(12).
-40
Let j(v) = 2*v**2 + 17*v - 11. Give j(-9).
-2
Let s(n) = n**2 + 9*n - 22. Calculate s(-11).
0
Let a(n) = -28*n + 6. Determine a(-4).
118
Let x(r) = r**3 - 3*r**2 - 8*r + 1. Calculate x(4).
-15
Let v(w) = -w**2 - 43*w - 398. What is v(-30)?
-8
Let s(r) = -2*r - 29. Calculate s(-13).
-3
Let n(h) = -3*h**3 + 4*h**2 - h. Calculate n(4).
-132
Let b(t) = t**3 - 8*t**2 + 7*t. Calculate b(7).
0
Let h(k) = k**3 + 15*k**2 + 27*k + 11. Calculate h(-13).
-2
Let z(f) = -f**3 + 4*f**2 - 3*f - 2. What is z(5)?
-42
Let p(b) = -2*b**3 + 68*b**2 - 2*b + 73. Calculate p(34).
5
Let l(h) = -3*h**2 + 12*h - 19. Give l(3).
-10
Let l(g) = 3*g - 44. Give l(10).
-14
Let j(x) = -14*x - 14. Determine j(-1).
0
Let t(u) = -u**2 - 21*u - 54. What is t(-18)?
0
Let t(v) = -v**2 + 4*v + 85. What is t(12)?
-11
Let k(s) = -s**3 - 7*s**2 + 2*s - 2. Determine k(-7).
-16
Let v(f) = f**3 + 9*f**2 + 11*f + 6. Calculate v(-7).
27
Let v(h) = -3*h - 32. What is v(-13)?
7
Let i(q) = -170*q - 856. Give i(-5).
-6
Let y(j) = j**2 + 6*j - 1. Calculate y(-6).
-1
Let c(s) = -s**3 + 3*s**2 - s + 10. What is c(4)?
-10
Let z(i) = -i**3 + 63*i**2 + 135*i - 330. Calculate z(65).
-5
Let s(y) = -14*y - 1. What is s(-1)?
13
Let x(u) = -77*u + 145. Give x(2).
-9
Let c(h) = -h**3 - 2*h**2 + 4*h - 2. Determine c(2).
-10
Let w(s) = s**3 + 2*s**2 - 24*s. Give w(4).
0
Let z(w) = -2*w**2 + 38*w - 26. Calculate z(18).
10
Let w(s) = 10*s**3 - s**2. Give w(-1).
-11
Let i(y) = 12*y + 8. What is i(5)?
68
Let t(w) = 2*w + 29. What is t(-36)?
-43
Let n(f) = f**3 - 9*f**2 - f + 13. What is n(9)?
4
Let w(z) = -2*z**2 + 11*z - 14. Determine w(6).
-20
Let x(v) = -v**3 + 20*v**2 + 44*v - 24. What is x(22)?
-24
Let w(u) = -30*u**3 - u**2 + u + 1. Determine w(-1).
29
Let n(o) = -o**3 + 24*o**2 - 3*o + 24. Calculate n(24).
-48
Let v(k) = k**2 - 18*k + 68. Determine v(5).
3
Let h(r) = -13*r + 65. What is h(4)?
13
Let t(h) = h**3 - 2*h**2 + 2*h - 10. Calculate t(3).
5
Let b(j) = -3*j - 9. What is b(-6)?
9
Let z(f) = f**3 - 17*f**2 + 5. Calculate z(17).
5
Let w(s) = 6*s + 35. Determine w(-11).
-31
Let p(d) = -d**2 - 12*d - 25. Determine p(-5).
10
Let h(l) = 7*l + 140. Determine h(-18).
14
Let j(a) = -a**3 + 8*a**2 - 16*a - 2. Determine j(5).
-7
Let i(u) = 2*u + 39. Give i(-24).
-9
Let g(w) = -w**3 - 9*w**2 - 8*w + 6. What is g(-8)?
6
Let t(h) = -18*h + 82. What is t(5)?
-8
Let i(z) = z**2 - 4. Calculate i(0).
-4
Let d(h) = -h**3 + 5*h**2 + 10*h - 8. What is d(6)?
16
Let a(w) = -w**2 - 13*w + 61. Determine a(4).
-7
Let h(q) = -4*q - 15. Give h(-3).
-3
Let n(r) = -r**2 - 44*r - 82. Determine n(-42).
2
Let p(t) = t**3 - 27*t**2 + 26*t - 4. Determine p(26).
-4
Let j(r) = r**3 + 7*r**2 - 15*r - 68. Give j(-8).
-12
Let s(f) = -5*f + 52. Give s(11).
-3
Let x(u) = -u**2 + 6*u + 163. Give x(16).
3
Let t(a) = a**3 + 31*a**2 + 58*a + 2. Calculate t(-29).
2
Let o(c) = 5*c + 9. Determine o(-18).
-81
Let u(m) = m - 10. Calculate u(-5).
-15
Let b(q) = q**3 - 3*q**2 - 24*q + 40. What is b(6)?
4
Let m(p) = 4*p**2 + 13*p - 12. Calculate m(-8).
140
Let b(t) = t**3 + 5*t**2 - t - 9. Determine b(-5).
-4
Let l(y) = y - 2. Determine l(11).
9
Let i(p) = -9*p - 42. Calculate i(-7).
21
Let l(s) = s + 1. Determine l(2).
3
Let l(p) = -p**3 + 19*p**2 + 42*p + 3. Give l(21).
3
Let g(m) = -m - 2. Determine g(-8).
6
Let j(g) = -2*g**2 - 10*g - 10. Determine j(-6).
-22
Let a(o) = -3*o**2 + 19*o + 1. What is a(6)?
7
Let q(d) = 17*d**2 - d. What is q(1)?
16
Let z(s) = -s**3 - 3*s**2 + s - 8. What is z(-4)?
4
Let o(r) = 3*r - 118. Give o(40).
2
Let n(r) = -6*r**3 - r**2 - 3*r - 7. Calculate n(-2).
43
Let n(p) = p**2 + 12*p - 10. Calculate n(-13).
3
Let s(z) = 2*z**2 + 2*z - 15. Determine s(-5).
25
Let u(f) = -f**2 - 5*f + 26. What is u(4)?
-10
Let c(l) = -l - 2. What is c(9)?
-11
Let g(f) = -2*f**2 + 7*f + 92. Calculate g(9).
-7
Let s(p) = -12*p - 11. Calculate s(-2).
13
Let d(r) = -r**3 + 9*r**2 - 4*r + 13. Calculate d(9).
-23
Let d(c) = -c**3 - 11*c**2 - 20*c - 5. What is d(-9)?
13
Let y(h) = h**2 - 33*h + 94. Determine y(30).
4
Let i(g) = 22*g + 1. What is i(-1)?
-21
Let o(q) = q - 4. What is o(-4)?
-8
Let s(q) = 47*q - 91. Give s(2).
3
Let d(o) = o**2 + 25*o + 44. Give d(-23).
-2
Let f(h) = -13*h - 760. What is f(-59)?
7
Let f(g) = 28*g**2 - g. Calculate f(-1).
29
Let r(f) = -f**2 - 7*f - 10. Give r(-6).
-4
Let b(d) = 37*d**3 + d**2 + d. Determine b(-1).
-37
Let n(j) = -j**2 - 15*j + 7. Give n(-11).
51
Let w(f) = -f - 20. Give w(6).
-26
Let s(d) = d**3 - 17*d**2 + 46*d - 51. Determine s(14).
5
Let q(v) = -10*v - 95. What is q(-15)?
55
Let u(b) = -b**2 + 14*b - 50. What is u(6)?
-2
Let t(b) = -b**3 - 6*b**2 + 4*b + 11. Give t(-6).
-13
Let y(s) = -6*s - 464. What is y(-78)?
4
Let z(n) = 4*n - 8. Calculate z(-4).
-24
Let c(s) = s - 14. What is c(-7)?
-21
Let l(x) = -14*x + 238. Give l(17).
0
Let d(o) = o - 14. Calculate d(9).
-5
Let u(q) = 2*q**3 - 3*q - 1. Determine u(-2).
-11
Let f(s) = -s**2 - 12*s +